 = 5*n, 3*w + n + 1084 = -0*n. Let j be ((-2)/(-3))/((-16)/w). Let i = j - 16. Give l(i).
2
Let r(s) = -7*s - 21. Suppose -165*j + 1127 = 669 - 1192. Calculate r(j).
-91
Let i(j) = -j**2 - 6*j + 2. Let v be i(-6). Let l(h) = -5*h + v*h + 0 - 1 - h**2. Let o(d) = -175*d - 177. Let q be o(-1). What is l(q)?
1
Let u = 30 + -26. Let w(c) = -2 + 2*c**2 + 0 - u*c**3 + 5*c**3. Let h(a) = -4*a**3 - 9*a**2 + 9. Let s(d) = 4*h(d) + 18*w(d). Give s(1).
2
Let f(a) = 129*a**3 - 152 + 27*a**2 + 461*a - 128*a**3 - 441*a. Calculate f(-26).
4
Let l be (-2)/(-4) + (-19)/(-2). Suppose 3*z + 28 = l*z. Let v(t) = -2*t**2 + 4*t + 2. Determine v(z).
-14
Let n be ((-770)/(-99) - 4/(-18)) + -4. Let c be (n/16)/(4/(-16) - 0). Let v(k) = -12*k - 3. Let h(f) = -13*f - 4. Let z(b) = 3*h(b) - 4*v(b). Calculate z(c).
-9
Let x be 9/(-27) + 0 - (-32)/6. Let j(b) be the second derivative of 0 + 1/2*b**3 + 1/20*b**x + 16*b - b**2 - 5/12*b**4. Determine j(5).
13
Suppose -3*t + 64 = 22. Suppose -3*s + t = -7. Let c(i) be the second derivative of -i**3/3 + 5*i**2/2 - 56*i - 3. What is c(s)?
-9
Let v(j) = j**2 - 203*j + 7338. Let o be v(47). Let b(a) = -a**3 + 4*a**2 + 5*a - 2. Calculate b(o).
-44
Let v(r) = 3*r - 18*r - 4206035 + 4206290. Give v(17).
0
Let g(n) = 824*n - 209*n - 209*n - 2 - 205*n - 203*n. What is g(1)?
-4
Let s(b) be the first derivative of b**3/3 - 14*b**2 - 378*b - 3701. Determine s(-10).
2
Let l(t) = -t**3 + 9*t + 9*t + 12*t + 17*t - 11*t**2 - 54*t - 18. What is l(-11)?
59
Let a(z) = -z**3 - 1. Let s(g) = g**2 + 7*g + 6. Let x be s(-4). Let j be 4/(-10) + x/10 - 0. Let l(k) = -k**2 - 5. Let r(t) = j*l(t) + 6*a(t). Determine r(1).
-6
Let g(n) = 8*n - 24. Let s(y) = -421*y + 1272. Let r be s(3). Give g(r).
48
Suppose -6*n - r + 22 = -n, -2*n = 5*r - 18. Let m(t) = 4 - 2*t + 3 - n - 3*t**2 + t**3. Suppose -3*a = -3*h - 7 - 2, -h = -5*a + 23. Determine m(h).
-5
Let f = 317 - 295. Suppose -f = -16*p + 58. Let m(g) = -2*g + 9. Give m(p).
-1
Suppose -4*m = -5*w - 13, 3*m = -4*w - 0*w + 2. Let t(z) = 400604 - 400604 + 11*z. Determine t(w).
-11
Let q(r) = 62*r + 2165. Let i be q(-35). Let c(b) = -b**3 - 4*b**2 + 10*b + 21. Determine c(i).
-4
Let j = 22 - 18. Let m(n) = -n**2. Suppose 3*h + 2*t - 1 = 0, 10 - 3 = 4*h - 3*t. Let s(l) = -7*l**2 + 3*l - 4. Let v(g) = h*s(g) - 6*m(g). What is v(j)?
-8
Let s be (-2 + 7)*(0 - -1). Let h(r) = 7*r**2 - 6*r**2 - 6 + 5*r - 3*r - s*r. Let v = 372 - 367. Give h(v).
4
Suppose 0 = 2*p + 4*n + 16, 2*n - 24 = p + 2*p. Let g(c) be the second derivative of -c**4/12 - c**3 + 3*c**2 + 109*c - 1. Determine g(p).
-10
Let m be (-2)/(5*(786/790 + -1)). Suppose -5*a = -68 + 458. Let d = a + m. Let g(v) = 13*v**2 - 2*v + 1. Calculate g(d).
12
Let r(c) be the third derivative of 2*c**5/15 - c**4/8 + 7*c**3/2 - c**2. Let f(l) = 3*l**2 + 19 - l - 68 + 56. Let i(h) = -11*f(h) + 4*r(h). What is i(0)?
7
Let w(l) = 27*l. Let c be ((-93)/(-12) - 8) + 9/4. Let n(f) = -f**3 + 5*f**2 - 10*f + 9. Let y be n(c). Determine w(y).
27
Let u(a) = a**2 + 21*a - 73. Suppose -139*h + 186 - 3522 = 0. Give u(h).
-1
Suppose -33*i + 32 = -i. Let l(j) = -2*j**3 - 4*j**2. Let b(t) = -6*t**3 - 9*t**2. Let g(v) = 3*b(v) - 7*l(v). Determine g(i).
-3
Let k(i) be the second derivative of -35*i**4/12 + i**3/6 - i**2 + 4*i + 6. Determine k(-2).
-144
Let l(n) = 2180*n - 8. Let b be l(2). Let s(p) = 4*p - 4*p**2 + b - 4354 + p**2. Determine s(2).
-6
Let q(t) = 4*t - 6. Suppose 5*j = 1138 - 203. Let l = j - 181. Determine q(l).
18
Let a(q) be the second derivative of 0 + 1/6*q**3 - 190*q + 6*q**2. What is a(-7)?
5
Let j(a) be the first derivative of a**3/3 - 9*a**2/2 - 5*a + 359. Suppose n + n = 18. What is j(n)?
-5
Let w = -638 + 594. Let m(q) = -3*q + 1. Let h(r) = 64*r - 22. Let l(o) = w*m(o) - 2*h(o). What is l(-2)?
-8
Let y(l) = -19*l**2 - 3*l - 4. Let v = 3526 + -3527. Give y(v).
-20
Suppose -2*a + q - 121 = -7*a, -5*q = 3*a - 77. Suppose 34*i = a*i - 20. Let l(o) = 2*o**3 + o**2 - 2*o. Determine l(i).
-8
Suppose -b + 144 = b. Suppose y - 10*y + b = 0. Suppose 0 = 4*p - y*p + 4. Let n(v) = -5*v**2 - 2*v + 1. Give n(p).
-6
Let t(f) be the third derivative of -f**4/8 + 7*f**3/6 - 20*f**2 + 1. Suppose 7 = -5*j + 6*j. Calculate t(j).
-14
Let i(d) be the first derivative of -85 - 1/4*d**4 + 2*d**2 + 0*d - 2/3*d**3. Give i(-3).
-3
Let m(y) = -3*y**3 + 2*y**2 + 7*y - 14. Suppose -55 - 47 + 214 = 56*q. Give m(q).
-16
Let v(u) = -119201*u**2 + u + 119199*u**2 - 4 - 8*u. What is v(-7)?
-53
Suppose 0 = 4*y + 5*t - 18, -4*y - 4*t + 14 = -y. Suppose 0 = -n - 5*q - 9, 4*q = 3*n + q - 9. Let g(r) = 2*r - n + 8*r + 5*r + r - 12*r. Calculate g(y).
7
Suppose -a = -6*a - 15. Let t = 90 - 88. Let g(b) = -2*b**2 - 3*b + 5*b**2 - 6*b**t + 4 + 0*b**2 - 1. Calculate g(a).
-15
Let z(l) be the first derivative of 4*l + 4/3*l**3 + 3/2*l**2 + 1/4*l**4 - 70. Give z(-4).
-8
Let v(y) = -6*y + 14. Suppose -165*s - 18 = -162*s. Let f(x) = -7*x + 17. Let q(z) = s*v(z) + 5*f(z). What is q(-2)?
-1
Let y be 7*(-7 - -8) - (-2 - -7). Let f(m) = m**3 + 7*m**2 - m - 1. Let t(i) = 6*i**3 + 34*i**2 - 7*i - 4. Let z(q) = y*t(q) - 11*f(q). Calculate z(9).
-24
Let b(q) = -q**2 + 2*q - 4. Let j(t) = 0*t - 4568 - 2*t**2 + 13*t + 4558. Let d be j(5). Determine b(d).
-19
Let t(j) = -j**2 - 18*j - 77. Let s be t(-8). Let v(l) = 17*l - 50. Give v(s).
1
Let l(s) = s**2 + 5*s + 1. Suppose -5*d = -4*q - 7, -13 = d + 24*q - 20*q. Let m be d + -7 - (12 - 17). Give l(m).
-5
Suppose 83*o - 303 = -18*o. Let b(l) = l**3 - 2*l**2 - 2*l - 5. Determine b(o).
-2
Let w(p) = -8*p. Let i(a) = -11*a + 7. Let c be i(1). Give w(c).
32
Let u(y) = 6*y - 39. Let w be u(5). Let k be 0 + (2 - w/(36/8)). Let i(n) = n**3 - 4*n**2 - 2*n + 2. What is i(k)?
-6
Let g(u) be the second derivative of u**5/20 + 7*u**4/12 + 4*u**3/3 - 7*u**2/2 - 2*u - 53. Let c be g(-5). Let j(b) = -3*b**2 - 4*b. Give j(c).
-39
Let y(m) = -m + 2. Let a(k) = -6*k + 20. Let p(u) = -a(u) + 8*y(u). Let j be p(-1). Let i(g) = g - 6*g**2 - 1 + 3 - 2*g. Calculate i(j).
-20
Let s(r) be the third derivative of -31*r**6/120 + r**5/60 - r**4/24 + r**3/6 + 689*r**2. Calculate s(1).
-30
Let p(x) = 6*x - 87. Let v(o) = -9*o + 119. Let t(q) = -7*p(q) - 5*v(q). Calculate t(-10).
-16
Suppose -4*d = -l - 521, -d = 2*l - 3*d + 1030. Let n = -515 - l. Let m(x) = -5. Let t(j) = -j - 4. Let v(r) = -3*m(r) + 4*t(r). Calculate v(n).
7
Let t(c) = -c**3 + c**2 + 2*c - 3. Suppose -k + n = -3*n - 32, 2*k = 5*n + 49. Suppose -k*z = -14*z - 2. Let g be -6 + 6 + (-2)/z. Determine t(g).
-3
Let k(s) = 9*s + 3. Let i(u) = 1. Let p(r) = 12*r + 10. Let z(j) = 8*i(j) - p(j). Let o(n) = 3*k(n) + 2*z(n). Calculate o(4).
17
Let m be ((-62)/(-155))/((-1)/(-5)). Let v(c) = 14 + 0 - 153*c**2 + 154*c**m + 2*c - 3*c - 1. Calculate v(0).
13
Let r be 1/(((-2)/4)/(274/(-4))). Let k = r - 45. Let i = -89 + k. Let d(u) = u**2 - 3*u - 2. Give d(i).
-2
Let q = 225 - 216. Suppose -q*t - 12 = -13*t, 0 = 4*l + 2*t - 38. Let d(z) = -z**3 + 8*z**2. What is d(l)?
0
Let a be ((-13)/(-2) + 4)/(30/(-80)). Let j(w) = 2*w + 62. Determine j(a).
6
Let r(d) = -12*d**3 - d**2 + 2*d + 1. Let b = -3394 - -3393. What is r(b)?
10
Let k(x) = -24*x - 230. Let i(c) = 27*c + 219. Let r(t) = -5*i(t) - 6*k(t). Determine r(-32).
-3
Let t(p) = -p**2 - 10*p - 16. Let w be (1 + 21/(-12))*(-1080)/162. Suppose 5*u + 12 - 2 = -5*j, w*u - 2*j = -45. What is t(u)?
5
Let m(v) = -v**3 + 2. Let g(a) = 2*a**3 + 7*a**2 + 8*a - 8. Let w = -93 + 94. Let u(p) = w*g(p) + 3*m(p). What is u(8)?
-2
Let q be (2 + -2)*(-1)/(-2) - 10. Let x(i) = 5*i**2 + 51*i + 3. Calculate x(q).
-7
Let j(l) = 18*l - 27. Suppose -12*w - 199 - 195 + 418 = 0. Give j(w).
9
Let w(b) = 37*b**3 + b**2 - 10*b + 9. Let l(o) = 17*o**3 + o**2 - 5*o + 5. Let s(f) = 13*l(f) - 6*w(f). Determine s(7).
-24
Let i(g) = -g**3 - 14*g**2 + 2*g + 31. Suppose 24*v = -84*v + 652 - 2164. Give i(v).
3
Let p(x) = x + 292. Let m(t) = -t - 332. Let o(s) = -7*m(s) - 8*p(s). Give o(-3).
-9
Suppose 245*u - 234*u = -44. Let a(n) = -n**2 - 5*n + 18. Calculate a(u).
22
Let g(a) = 42*a - 35. Let l = -12507 - -12508. Calculate g(l).
7
Suppose 0 = 3*k - 3*a - 1 + 7, 3 = a. Let p(y) be the third derivative of -y**6/5 - y**5/60 + 794*y**2. Determine p(k).
-25
Let o(f) = -f - 1. Let r(p) = -p**2 - 14*p - 12. Let t(b) = -6*o(b) + 